Let l be (w - 4/8)*(0 - -2). What is the highest common divisor of l and 5?
5
Let v(c) = 7*c - 11. Let q be v(5). Let u = q - -4. Suppose k - 5*w = -16, 3*k - 4 - u = -w. Calculate the greatest common divisor of k and 72.
9
Let b = -47 + 52. Suppose -6*q + 61 + b = 0. Suppose -i + 15 = -18. Calculate the highest common divisor of i and q.
11
Let r(k) = -27*k + 101. Let x be r(3). Calculate the greatest common divisor of x and 320.
20
Let b(k) = k**3 - 12*k**2 - 8*k - 64. Let r be b(13). Calculate the highest common factor of 153 and r.
1
Let q(d) = -d**3 + 6*d**2 + 14*d + 13. Let g be q(8). Let y be 33/3 + 12/g + 1. Calculate the highest common factor of 1 and y.
1
Let h = -1220 - -1300. Calculate the highest common factor of 250 and h.
10
Let l be 45/(-15)*8/(-6). Let m(g) = 3*g**2. Let x be m(2). What is the greatest common factor of l and x?
4
Let v(c) = -3*c**2 - 211*c + 18. Let x be v(-69). What is the greatest common divisor of 30 and x?
6
Let v(x) = x**3 - 23*x**2 + 9*x + 45. Let u be v(23). Calculate the greatest common divisor of u and 56.
28
Let q = -151 + 187. What is the highest common divisor of 288 and q?
36
Suppose -5*g - 701 = -3*f + 532, f = -3*g + 425. Calculate the highest common factor of 96 and f.
32
Let i be 8/(160/(-105))*(-1648)/3. Let w be i/21 + (-1 - 15/(-9)). What is the greatest common divisor of 46 and w?
46
Suppose 5*l - 1170 = -7*u + 10*u, -u = 5. Calculate the greatest common divisor of 21 and l.
21
Let a = 2 - -3. Suppose 0*w = 3*w - 4*u - 304, 4*w - 404 = a*u. Calculate the highest common divisor of w and 12.
12
Let h = 24 - 21. Suppose 3*s = h*y - 192, 0 = 3*s - 0*s + 3. Calculate the greatest common divisor of y and 7.
7
Suppose -34 + 13 = -o. Let l = o - -1. Calculate the greatest common divisor of l and 176.
22
Let h = -28 - -32. Let d be (-2)/9 + (-1956)/(-54). Calculate the greatest common factor of d and h.
4
Let m(d) = 4*d**3 - d. Let s be m(1). Let x(j) = 8*j + 49. Let c be x(1). Calculate the highest common factor of s and c.
3
Suppose 81 = 2*g - 3*q, 0 = -2*g + 18*q - 16*q + 80. Suppose -3*j - 1 = -2*f, 3*j = 2*j - 2*f + 13. What is the greatest common factor of j and g?
3
Suppose -156 = -4*d - 4*r, 0 = 10*r - 5*r + 25. Suppose -10*c + 6*c + 56 = 0. Let g = c + 8. What is the highest common divisor of d and g?
22
Let u be 10/((-250)/(-985)) - 3/(-5). What is the highest common factor of u and 60?
20
Let o = -110 - -253. Calculate the greatest common divisor of o and 13.
13
Suppose 4*x - 4*g = -628, -5*x + 3*x - 5*g = 307. Let m be -16*(3 + x/8). Suppose 4*c - m = c. Calculate the greatest common factor of c and 11.
11
Suppose -x + 3*r - 11 = -0, 7 = x + 3*r. Let z be 94 - (-6)/(x/1). Suppose -77 = -4*l + z. What is the greatest common divisor of l and 14?
14
Let m be 220/(-15)*(-3)/2. Suppose 0 = -4*y + 2*y + m. Let z = y - 9. What is the highest common factor of 5 and z?
1
Let t = -84 + 171. Let z = -55 + t. Let o = 2 - -2. Calculate the greatest common factor of o and z.
4
Suppose 2*t = 0, 0*t + 2*t = r - 18. Calculate the highest common divisor of 9 and r.
9
Suppose -2*c - 3*c = -10. Suppose -2*x - 2*z - c*z = -6, 5*x - 4*z = 71. Suppose 3*g = x - 2. What is the highest common factor of g and 27?
3
Suppose -5*s + 542 + 403 = 0. Suppose -x - s = -4*x. What is the highest common factor of 9 and x?
9
Let a(b) = b**2 + 10*b + 9. Let g be a(-9). Suppose g = -4*c + 63 + 77. What is the highest common divisor of 5 and c?
5
Let n be 8/(-6)*(-1659)/14. Suppose c - 18 = n. Let y = 1 + 15. What is the greatest common factor of y and c?
16
Let h be (-99)/(-18)*(-13 + 1). Let n = h + 98. Let p = 3 + 1. Calculate the greatest common factor of p and n.
4
Suppose -6*u + 109 = 3*x - u, -x + 13 = -3*u. Suppose -2*m = 10, m = 16*c - 11*c - 215. What is the highest common divisor of c and x?
14
Let r = -1358 + 1698. What is the greatest common divisor of r and 140?
20
Let c = 82 - 42. Let r = -27 + c. Calculate the highest common factor of r and 39.
13
Let c(b) = b**3 - 10*b**2 + 11*b - 1. Let z be c(6). Let y = 82 + z. What is the greatest common divisor of y and 21?
3
Let k = -2 + 14. Let n be 28/k*(57 + -3). Calculate the highest common factor of 14 and n.
14
Suppose 254 = 3*y + 2*r, 5*y - 402 = r + r. Let c = -38 + y. Let x be 2 + (2 - c*-1). What is the highest common divisor of 16 and x?
16
Suppose 5*a + 10 = 6*a. Let z = -29 + a. Let u be (z - -15) + 26 + 0. Calculate the greatest common factor of u and 33.
11
Let w(j) = -j**2 - 4*j + 29. Let g be w(3). What is the highest common factor of 1 and g?
1
Suppose 0 = -3*q + 3*h + 3, -3*q - 5*h = 2*q - 55. Suppose t - q*t = 4*u - 76, -3*t + 19 = u. Calculate the greatest common divisor of u and 152.
19
Suppose 40 = 3*c + 5*p, 5*c - 113 + 21 = -2*p. What is the highest common divisor of c and 4?
4
Suppose -33*t + 27*t = 2*z - 94, 9 = t - 3*z. Suppose h = -h + 210. What is the greatest common divisor of h and t?
15
Suppose -2*i + 6 = -110. What is the greatest common divisor of i and 8?
2
Suppose -i = b + 37, 2 - 5 = 3*i. Let x be (-189)/b - 2/8. Calculate the greatest common factor of 25 and x.
5
Let s = -224 + 235. What is the highest common divisor of s and 33?
11
Suppose -21*b + 5967 = -5877. Calculate the greatest common divisor of b and 24.
12
Let x(w) = w**3 - 14*w**2 + 10*w + 44. Let p be x(13). What is the highest common divisor of p and 55?
5
Suppose -5*h = 4*d + 288, -3*d + 5*d - 6 = 0. Let r = h - -62. Calculate the highest common divisor of 2 and r.
2
Suppose 5*c + 7 = 3*m, 3*c - 5*m - 2 = -3. Let y(f) = -2*f**3 + 2*f**2 - f. Let b be y(c). Calculate the greatest common factor of b and 65.
13
Suppose 6*g - 288 = 3*g. Let w be (-21)/(-14) - (-141)/6. Let x be w - (-3 - (-5 + 1)). Calculate the highest common factor of x and g.
24
Let r be (31311/28)/7 + (-2)/(-8). Suppose 15*b - r = 65. Calculate the greatest common divisor of b and 195.
15
Let y = 14 - 11. Suppose -h = 5 + 124. Let l = y - h. Calculate the highest common divisor of 12 and l.
12
Let u be (-4)/8 + 7/(-2). Let g be 8 + u + (-2 - -4). Suppose 2*p + 2 = 8. Calculate the greatest common divisor of g and p.
3
Let o be 3/12 - 85/20. Let d be (-5)/((-10)/(-44))*o. Calculate the highest common factor of d and 8.
8
Suppose 36*w = 39*w - 360. Calculate the greatest common factor of w and 420.
60
Let c(q) = q**2 - 8*q + 6. Let k be c(-6). What is the highest common factor of k and 54?
18
Let q(t) = t**2 - 10*t + 13. Let x be q(9). Suppose x*m - 97 = 43. Calculate the greatest common factor of m and 140.
35
Let h(x) = 3*x - 16. Let q be (11 - 17)*3/(-3). Let y be h(q). What is the highest common divisor of y and 11?
1
Let b(g) = g**3 - 13*g**2 + 13*g - 9. Let v be b(12). Let p = 56 + -23. Calculate the greatest common factor of v and p.
3
Let u = 40 - 20. Suppose -2*k + 3*r = -77, -35 = 5*k - 5*r - 230. What is the highest common factor of k and u?
20
Suppose -f + 5*i + 75 = 9*i, 2*f + 5*i - 162 = 0. Let w = -87 + f. Calculate the highest common factor of 108 and w.
4
Let c = 32 + 6. Let j = c + 34. Suppose -j = -6*v - 0*v. Calculate the highest common divisor of 4 and v.
4
Suppose 5*k = 2*w + 26, -4*k + 2*k + 11 = -w. What is the greatest common divisor of 12 and k?
4
Let g(q) = -q. Let a be g(-2). Let x = 1 + -1. Suppose 4*l + 4 = 3*m + a, 3*l - 5*m + 7 = x. What is the greatest common factor of 2 and l?
1
Let k(v) = -2*v**3 - 94*v**2 - 95*v - 52. Let p be k(-46). What is the highest common factor of p and 387?
43
Suppose 3*f + 2*w = 37, 3*f - 43 + 12 = w. Suppose -4*g + 7 = o - 42, -4*o + 64 = 4*g. Calculate the greatest common divisor of f and g.
11
Suppose b = -4*r - 1, -6*b - 5 = -b. Suppose 5*v - 1251 = -3*d, -1011 = -r*v - 4*v + d. What is the greatest common factor of 14 and v?
14
Suppose -5*z + 312 = n, 0*z + 4*n - 70 = -z. Suppose -5*i + 3*k + 76 = -79, 0 = 2*i + 4*k - 62. What is the greatest common factor of z and i?
31
Let t(q) = q**2 + q. Let f = -5 - -1. Let g be t(f). Let w be 5 - -3*(-124)/(-12). What is the highest common divisor of w and g?
12
Let l = -2790 - -3375. Calculate the greatest common factor of 45 and l.
45
Suppose 8*y + 89 = -31. Let z = -5 - y. What is the greatest common factor of 160 and z?
10
Let u = 29 + 16. Let b = -39 - -69. Calculate the greatest common di